reatest common factor of i and h.
14
Suppose -3*g = -3*i + 36, -2*g + 48 = 4*i - 7*g. What is the greatest common divisor of i and 96?
12
Suppose -9 = -0*o - o - 2*q, 0 = -o + q + 3. Calculate the highest common factor of o and 25.
5
Let z be (8 - 7)/(1/5). Suppose -3*q = -2*j + 3, -z*j - 13 - 17 = 5*q. Let h be (-266)/(-10) - q/(-5). Calculate the highest common factor of h and 65.
13
Let p(b) = 6*b - 5. Let r be p(1). Calculate the highest common divisor of r and 11.
1
Suppose -n + 117 + 42 = 4*q, 4*n = q - 27. Let o = q + -27. Let p(z) = z**3 + 10*z**2 + 9*z + 4. Let l be p(-9). Calculate the highest common factor of l and o.
4
Suppose -51*b + 55*b - 156 = 0. What is the greatest common factor of b and 13?
13
Let z = 9 - 9. Suppose 2*x + z - 20 = 4*i, 3*i = 3. Let u be (110 - 0) + -1*2. What is the highest common divisor of u and x?
12
Let a(s) = 17*s + 2. Let h be a(4). Suppose p = -2*m - 62, 0 = 3*m - 5*m + 5*p - 74. Let x = m - -60. What is the highest common factor of h and x?
14
Let l = -10 + 25. What is the highest common factor of l and 6?
3
Suppose -6*q = -2*q - 8. Suppose -4*w + w = 5*z - 71, 5*z - q*w - 61 = 0. What is the greatest common divisor of 13 and z?
13
Let o = -10 - -15. Suppose 5*r - r + 5*k = 70, -o*k = 2*r - 40. What is the highest common factor of r and 3?
3
Let r = -27 - -40. Calculate the highest common divisor of r and 91.
13
Let d = -122 + 258. Let r(j) = -4*j - 11. Let z be r(-7). Calculate the greatest common factor of d and z.
17
Suppose 10 = 2*u - 8. Calculate the greatest common divisor of 36 and u.
9
Let r(b) = b**2 - 14*b + 20. Let c be r(14). Suppose -6*x + c = -2*x. What is the highest common factor of x and 35?
5
Let f be 3 + -3 + 1 - -59. Let x = 1 + -10. Let z = 33 + x. Calculate the highest common divisor of z and f.
12
Let k be (-27)/(-6)*4/3. Let y be (-12)/8*32/k. Let t(j) = -j**2 - 8*j + 11. Let h be t(y). What is the greatest common divisor of h and 121?
11
Let m(w) = -w**3 + 4*w**2 - 3. Let u = 0 + 3. Let p be (-3)/(-2)*(u - 1). Let v be m(p). Calculate the highest common factor of 6 and v.
6
Let h(m) be the first derivative of m**4 - 2*m**3/3 - 3*m**2/2 - m + 9. Suppose 5*l = 10 + 5. Let p be h(l). What is the highest common divisor of p and 16?
16
Suppose -3*l + 2*l = 32. Let r = 46 + l. Calculate the greatest common factor of r and 112.
14
Let p = -9 + 3. Let k = p + 17. What is the highest common factor of k and 55?
11
Let l be (-480)/18*15/(-10). Let r(z) = -2*z**2 - 7*z - 3. Let s be r(-5). Let j be s/(-1) - 6/3. Calculate the highest common divisor of l and j.
8
Let y = -17 - -20. Suppose 0 = 3*x + y*c - 3, -3*x + c + 5 = 2*x. Let g = -4 + 9. What is the greatest common divisor of x and g?
1
Suppose -m + 0*m = -168. What is the greatest common factor of m and 21?
21
Let c(m) = 5*m + 46. Let k be c(-7). Calculate the greatest common factor of k and 341.
11
Let j(b) = b**2 - b + 1. Suppose m + 3 = -2*z + 2*m, -2*m = 3*z - 6. Let r be j(z). Calculate the highest common divisor of r and 3.
1
Suppose 0*z - 6*z + 2310 = 0. What is the highest common divisor of 35 and z?
35
Suppose 4*o - 263 = -3*c + 525, c - 266 = -2*o. What is the highest common divisor of c and 32?
32
Let v be 12/(-4) + 6 + 1. Let l be 4 - (-10 + -2)/v. What is the highest common factor of 77 and l?
7
Let g(p) be the second derivative of -p**5/10 - 5*p**4/12 - p**3/6 - p**2/2 - 8*p. Let x be g(-4). Calculate the highest common divisor of 34 and x.
17
Let s = -6 - -14. Suppose 0 = 2*k - 19 + 109. Let w be (-5)/(k/(-192))*-3. Calculate the greatest common divisor of w and s.
8
Let s = 208 + 17. What is the greatest common factor of s and 25?
25
Suppose 9*n = 4*n - 45. Let u = -7 - n. Suppose -t = u*t - 270. What is the greatest common divisor of t and 10?
10
Let j be 484/8 - (-2)/(-4). Let n = -31 + 51. What is the highest common factor of n and j?
20
Let h = -2 + 3. Let b = 26 - 6. Suppose 0*a = -4*a + b. Calculate the highest common divisor of h and a.
1
Suppose -66 + 723 = 3*m. Suppose -4*g + 5*x + m = 0, -2*x + 30 = 3*g - 140. What is the highest common factor of 7 and g?
7
Let l be (-8)/12 - (-20)/3. Let g(d) = d - d + l + 4*d. Let r be g(9). Calculate the greatest common divisor of 6 and r.
6
Let i(g) = 5*g**2 + 3*g + 1. Let s be i(3). Let c = -351 - -362. What is the greatest common divisor of s and c?
11
Let p be (-810)/(-4) + 3/(-6). Suppose 0 = -4*b - 2 + p. Calculate the highest common factor of b and 5.
5
Suppose -2*k = d + 12, -17 = 2*d + k - 4*k. Let t = 7 + -12. Let i be (-484)/d - (-2)/t. What is the highest common divisor of i and 6?
6
Let l(j) = -j**3 - 22*j**2 - 9*j + 2. Let c be l(-22). What is the greatest common factor of 25 and c?
25
Suppose 0*p = -4*m - 2*p + 52, 2*m - 5*p = 26. What is the greatest common factor of 104 and m?
13
Suppose 315 = 5*m - 3*u, -92 = -3*m + 2*u + 97. What is the greatest common factor of m and 9?
9
Let z = 13 + 12. Calculate the greatest common divisor of z and 75.
25
Let g(i) = 13*i**2 + i - 1. Let x = -6 + 4. Let n = 3 + x. Let h be g(n). Calculate the greatest common factor of 91 and h.
13
Suppose -2*h = 3*w + 2*w - 106, 4 = -w. Let p(k) = -7*k - 1. Let d be p(1). Let f = 15 + d. Calculate the greatest common factor of f and h.
7
Suppose -4*i - 10 = -5*k, 5*i - 5*k = 2*i - 10. Suppose i = 4*o + c - 7 - 42, -38 = -3*o - c. Let x = -264 - -275. What is the highest common factor of o and x?
11
Let c = 0 - -4. Suppose -3*t = 5*q - 4*t + 3, -t = c*q - 3. Suppose b - p + 6*p = 5, q = -2*p - 10. Calculate the greatest common factor of 12 and b.
6
Let m = -218 - -290. Let h(p) = 10*p**2 - p. Let s be h(1). What is the highest common factor of s and m?
9
Let t(i) = i**2 + 2*i + 12. Let h be t(6). What is the highest common divisor of 24 and h?
12
Let i(z) = -9*z + 49. Let r be i(5). Calculate the highest common divisor of r and 14.
2
Let w = 34 + -9. Calculate the greatest common factor of w and 275.
25
Suppose 3*n = -5*a + 1195, -a + 164 = 3*n - 63. Let r be (48 - 4)*1/2. Calculate the highest common divisor of r and a.
22
Suppose -2*o - 16 = -4*o + c, 2 = -o - 2*c. Suppose 5*q = 3*q + 22. Suppose q*k - 144 = 8*k. Calculate the highest common factor of k and o.
6
Suppose 8 = -5*q - 22. Let p be (30/9)/((-2)/q). Let r be -2 - (-5)/(p/12). What is the highest common factor of r and 44?
4
Suppose -3*t + 0*t + 12 = 0. Let p(m) = 3*m - 1. Let j be p(1). Let x be (-12)/(-8) + 69/j. Calculate the highest common factor of x and t.
4
Let j be 381/15 + (-2)/5. Calculate the greatest common factor of j and 5.
5
Let r(a) = -120*a - 1. Let q be r(-1). Suppose 4*p = o + 4*o + 53, 2*o = p - 11. What is the greatest common factor of p and q?
17
Let s(o) = -o**2 + 10*o + 11. Let y be s(11). Suppose -v + 19 + 11 = y. Calculate the greatest common divisor of v and 3.
3
Let d = -47 + 122. Let u = 131 - d. What is the highest common factor of 8 and u?
8
Suppose -3*u + 20 = 2*u. Suppose u*b - 22 = -2. Calculate the highest common factor of 20 and b.
5
Let s(l) = 7*l**2 + 24*l + 11. Let r be s(-5). What is the highest common divisor of 6 and r?
6
Let o(b) = -1 - 1 - 2 + 56*b + 3. Let u be o(1). Let w(j) = j**3 - 2*j**2 - 6*j + 3. Let v be w(4). Calculate the greatest common divisor of u and v.
11
Let f(a) = -a**2 - 3*a - 1. Suppose 0*n = -3*n - 6. Let l be f(n). Let t be l/(-4) - 228/(-16). Calculate the highest common factor of t and 140.
14
Let k(g) = g**3 + g**2 - g + 42. Let n be k(0). What is the highest common factor of 28 and n?
14
Let f(c) = c**3 - 3*c. Let h be f(6). Let i = h + -138. Suppose 4*u - 20 = 76. What is the greatest common factor of u and i?
12
Suppose -3*o = -4*y + 2*o + 42, 0 = -5*y - 3*o + 34. Let z = -6 + y. What is the greatest common factor of z and 22?
2
Let r(l) = 2*l**2 + 5*l - 1. Let b be r(-4). Calculate the highest common factor of 33 and b.
11
Suppose -642 = -w - 0*w + h, -w = -4*h - 648. Let q be w/45 - (-4)/(-18). Calculate the highest common divisor of 70 and q.
14
Suppose 0*t = t - 55. Calculate the greatest common factor of 33 and t.
11
Let z = 405 - 152. Let a = -181 + z. Calculate the greatest common divisor of a and 48.
24
Let q be (220/(-15))/((-3)/36). What is the greatest common divisor of 22 and q?
22
Suppose -19*b = -21*b + 72. Let r be ((-12)/7)/((-1)/